913.
7, 233, 8423
What are the prime factors of 26739887?
31, 631, 1367
List the prime factors of 810371511.
3, 827, 108877
List the prime factors of 140682757.
4451, 31607
What are the prime factors of 231122222?
2, 115561111
List the prime factors of 218843740.
2, 5, 10942187
What are the prime factors of 257480326?
2, 128740163
List the prime factors of 4011957166.
2, 7, 59, 4857091
What are the prime factors of 18731207?
11, 19, 53, 89
List the prime factors of 204157797.
3, 347, 196117
List the prime factors of 20368837.
20368837
List the prime factors of 1177601730.
2, 3, 5, 17, 2309023
What are the prime factors of 32130791?
7, 11, 417283
What are the prime factors of 3613754225?
5, 144550169
What are the prime factors of 71689045?
5, 23, 623383
What are the prime factors of 2208732706?
2, 53, 241, 86461
List the prime factors of 50667876.
2, 3, 7, 67021
List the prime factors of 45016477.
11, 372037
List the prime factors of 1028975280.
2, 3, 5, 67, 89, 719
List the prime factors of 919692847.
919692847
What are the prime factors of 28130292?
2, 3, 781397
List the prime factors of 93840026.
2, 7, 389, 17231
What are the prime factors of 28775263?
11, 173, 15121
What are the prime factors of 8512646799?
3, 7937, 357509
What are the prime factors of 560626471?
401, 577, 2423
What are the prime factors of 5828254?
2, 89, 137, 239
List the prime factors of 63041292.
2, 3, 151, 11597
List the prime factors of 26302179.
3, 17, 23, 1319
What are the prime factors of 5669537574?
2, 3, 229, 4126301
List the prime factors of 237705838.
2, 118852919
List the prime factors of 592997484.
2, 3, 83, 595379
List the prime factors of 61444488.
2, 3, 7, 59, 6199
List the prime factors of 987808698.
2, 3, 17, 73, 44221
What are the prime factors of 82888531?
11, 83, 90787
List the prime factors of 344517155.
5, 17, 4053143
List the prime factors of 235130405.
5, 29, 151, 10739
What are the prime factors of 101676949?
11, 17, 53, 10259
What are the prime factors of 116900446?
2, 13, 4496171
What are the prime factors of 37840800?
2, 3, 5, 15767
What are the prime factors of 2456283?
3, 733, 1117
What are the prime factors of 4003401498?
2, 3, 19, 1453, 24169
What are the prime factors of 1958597720?
2, 5, 283, 173021
List the prime factors of 2329111416.
2, 3, 3491, 27799
List the prime factors of 694618725.
3, 5, 17, 73, 439
List the prime factors of 1748533388.
2, 7, 53, 197, 5981
List the prime factors of 265363078.
2, 509, 260671
What are the prime factors of 440655429?
3, 19, 7730797
What are the prime factors of 3189684430?
2, 5, 103, 139, 22279
What are the prime factors of 2747214440?
2, 5, 2269, 30269
What are the prime factors of 251296925?
5, 11, 283, 3229
What are the prime factors of 332086100?
2, 5, 37, 89753
List the prime factors of 554509538.
2, 11, 25204979
List the prime factors of 60017063.
60017063
List the prime factors of 253771665.
3, 5, 7, 17, 142169
What are the prime factors of 61940897?
29, 67, 71, 449
List the prime factors of 1547852957.
7, 5237, 42223
List the prime factors of 41257666.
2, 487, 42359
List the prime factors of 175903762.
2, 87951881
What are the prime factors of 39929364?
2, 3, 31, 37, 967
What are the prime factors of 35896931?
7, 127, 149, 271
List the prime factors of 7198708234.
2, 37, 127, 765983
List the prime factors of 860264697.
3, 331, 866329
List the prime factors of 27736390.
2, 5, 11, 19, 23, 577
List the prime factors of 477623046.
2, 3, 61, 1304981
What are the prime factors of 1043904047?
919, 1135913
List the prime factors of 6186173318.
2, 13, 31, 167, 45959
List the prime factors of 281285224.
2, 11, 47, 1447
What are the prime factors of 831531742?
2, 23, 41, 353, 1249
List the prime factors of 13857805.
5, 13, 17, 12541
What are the prime factors of 483879766?
2, 1423, 170021
What are the prime factors of 1691864056?
2, 211483007
List the prime factors of 13001369.
31, 83, 163
What are the prime factors of 2026122083?
2026122083
What are the prime factors of 140110656?
2, 3, 7, 61, 1709
List the prime factors of 80736317.
167, 181, 2671
List the prime factors of 48984881.
11, 4453171
List the prime factors of 64795509.
3, 281, 25621
What are the prime factors of 68443652?
2, 1321, 12953
What are the prime factors of 109250458?
2, 54625229
What are the prime factors of 288096990?
2, 3, 5, 43, 223331
List the prime factors of 34372608.
2, 3, 67, 167
What are the prime factors of 507035477?
13, 61, 317, 2017
List the prime factors of 195114668.
2, 7, 29, 34327
List the prime factors of 53700214.
2, 26850107
What are the prime factors of 5273009238?
2, 3, 7, 17, 19, 388693
What are the prime factors of 24520049?
491, 49939
What are the prime factors of 193324488?
2, 3, 7, 1150741
List the prime factors of 933066856.
2, 179, 349, 1867
What are the prime factors of 287095492?
2, 1033, 69481
List the prime factors of 1468348332.
2, 3, 11, 11123851
What are the prime factors of 148874946?
2, 3, 11, 2255681
List the prime factors of 735797852.
2, 269, 449, 1523
List the prime factors of 703500739.
61, 11532799
What are the prime factors of 16693959?
3, 277, 20089
List the prime factors of 4160653757.
13, 281, 87613
What are the prime factors of 163188965?
5, 5689, 5737
List the prime factors of 69902894.
2, 757, 46171
What are the prime factors of 772705910?
2, 5, 61, 1266731
What are the prime factors of 326953372?
2, 23, 127, 27983
What are the prime factors of 885102206?
2, 83, 5331941
List the prime factors of 31331219.
43, 281, 2593
What are the prime factors of 108038651?
7, 15434093
What are the prime factors of 2245042138?
2, 47, 23883427
List the prime factors of 6688805.
5, 47, 28463
List the prime factors of 1049322249.
3, 43, 53, 17053
What are the prime factors of 115840708?
2, 61, 474757
What are the prime factors of 194088497?
10331, 18787
List the prime factors of 206568154.
2, 13, 7944929
List the prime factors of 914822091.
3, 101646899
List the prime factors of 31266419.
19, 1645601
List the prime factors of 132085562.
2, 7, 613, 15391
What are the prime factors of 130933184?
2, 17, 7079
List the prime factors of 2355549857.
2355549857
What are the prime factors of 27014216?
2, 61, 197, 281
List the prime factors of 44733617.
44733617
List the prime factors of 256378649.
17, 31, 53, 67, 137
What are the prime factors of 70022725?
5, 251, 11159
List the prime factors of 117356967.
3, 7, 13, 17, 8429
What are the prime factors of 2231667443?
3911, 570613
What are the prime factors of 955275263?
9749, 97987
List the prime factors of 886347761.
13, 47, 1450651
What are the prime factors of 69600523?
69600523
List the prime factors of 1423078158.
2, 3, 237179693
List the prime factors of 6672341.
13, 513257
List the prime factors of 73893909.
3, 43, 572821
List the prime factors of 311632516.
2, 13, 5992933
List the prime factors of 155637421.
155637421
What are the prime factors of 1891448982?
2, 3, 41, 223, 1277
List the prime factors of 52437136.
2, 3277321
List the prime factors of 1966560960.
2, 3, 5, 7, 13, 22511
What are the prime factors of 74809930?
2, 5, 13, 37, 103, 151
What are the prime factors of 48628154?
2, 59, 103, 4001
What are the prime factors of 3478046479?
467, 7447637
List the prime factors of 24860450.
2, 5, 31, 43, 373
What are the prime factors of 240714571?
240714571
What are the prime factors of 4958009681?
4958009681
List the prime factors of 147471726.
2, 3, 24578621
List the prime factors of 1044049774.
2, 1291, 404357
List the prime factors of 377225770.
2, 5, 3037, 12421
What are the prime factors of 7646236174?
2, 61, 89, 773, 911
What are the prime factors of 167639271?
3, 47, 1188931
What are the prime factors of 25474552?
2, 3184319
What are the prime factors of 4423497754?
2, 13, 2767, 61487
List the prime factors of 112037349.
3, 37345783
What are the prime factors of 27523881?
3, 7, 11, 1471
What are the prime factors of 1519877705?
5, 6329, 48029
List the prime factors of 955737447.
3, 7, 61, 83, 89, 101
List the prime factors of 2350101030.
2, 3, 5, 313, 353, 709
What are the prime factors of 31141518?
2, 3, 17, 109, 2801
List the prime factors of 226045481.
17, 13296793
What are the prime factors of 4741669232?
2, 31, 9559817
List the p